In base 6, what is -3 + 505514?
505511
In base 8, what is -137 - -15256?
15117
In base 5, what is -4 + -2012433?
-2012442
In base 7, what is -4 + 261646?
261642
In base 16, what is -81a + 42?
-7d8
In base 13, what is 1 - -1907b7?
1907b8
In base 12, what is 4 - -8605?
8609
In base 9, what is 27 - 48371?
-48343
In base 3, what is -111000021102 - 11?
-111000021120
In base 11, what is 2 - -7a8982?
7a8984
In base 13, what is 0 + -3b553?
-3b553
In base 7, what is -11 - 64652?
-64663
In base 5, what is -1102023 + 2?
-1102021
In base 16, what is 0 + 2a72?
2a72
In base 15, what is 30 + -1dd?
-1ad
In base 2, what is 11 - 11110101110111110?
-11110101110111011
In base 9, what is -6628037 - 4?
-6628042
In base 9, what is -3 - -1080?
1076
In base 13, what is 1 + 339a86?
339a87
In base 12, what is 15 + 5b?
74
In base 6, what is 244 - 1203?
-515
In base 15, what is -4144 - -2?
-4142
In base 3, what is -100200 - -201222101?
201121201
In base 10, what is 129 - -441?
570
In base 14, what is 11 - -7442?
7453
In base 9, what is -13 - 60648?
-60662
In base 3, what is -202021012 + 20?
-202020222
In base 13, what is 64 + -195?
-131
In base 4, what is 1 - 32000323?
-32000322
In base 13, what is -17105 + 5?
-17100
In base 9, what is 3 + -88708?
-88705
In base 10, what is -13 - 3723?
-3736
In base 13, what is 7226c + -2?
7226a
In base 16, what is -5 + -6978?
-697d
In base 9, what is 381 + 128?
520
In base 2, what is -10101011 - 101001?
-11010100
In base 15, what is 2981 - -6?
2987
In base 11, what is -5877 + 13?
-5864
In base 6, what is -1144 + 42?
-1102
In base 5, what is -321232 - 30?
-321312
In base 12, what is -14a + 929?
79b
In base 16, what is 5 - 79f?
-79a
In base 11, what is -1a548 + 5?
-1a543
In base 2, what is 11110100111 + 10000010?
100000101001
In base 2, what is 101001101010 - -1000100?
101010101110
In base 14, what is -1 + 183?
182
In base 8, what is 71 - 47?
22
In base 14, what is 566644 - 3?
566641
In base 4, what is 1 - -21031203?
21031210
In base 11, what is -91 - 282?
-363
In base 4, what is 10130 + 1220?
12010
In base 8, what is 2 - -543121?
543123
In base 11, what is -62 - -122?
70
In base 7, what is -4103132 + -4?
-4103136
In base 11, what is -5919 + 42?
-5887
In base 7, what is 502 - -41?
543
In base 6, what is -14032532 + 3?
-14032525
In base 6, what is 211253 + 14?
211311
In base 8, what is 1327 + 37?
1366
In base 15, what is 2 + -d6daa?
-d6da8
In base 10, what is -918 + 7?
-911
In base 16, what is -35 - 2e0?
-315
In base 9, what is 5 + 155386?
155402
In base 7, what is -440030 - 6?
-440036
In base 14, what is 4b18 + -4?
4b14
In base 2, what is 10011101 + 10110100000010?
10110110011111
In base 8, what is -1 - 27565?
-27566
In base 3, what is 1 - -122202201?
122202202
In base 6, what is 32533 - -3?
32540
In base 2, what is 0 - -10000010100111010?
10000010100111010
In base 8, what is -14630646 + 0?
-14630646
In base 15, what is 25be + 3?
25c2
In base 16, what is -87 + -9bb?
-a42
In base 2, what is -1000 - -110101001101100110?
110101001101011110
In base 9, what is -61 - -8376?
8315
In base 7, what is -350163 - -4?
-350156
In base 4, what is -1111121302 - -3?
-1111121233
In base 2, what is -111110101101000 + 11?
-111110101100101
In base 5, what is -24141 - -123?
-24013
In base 16, what is -4d - 583?
-5d0
In base 3, what is 11012220 + 2100?
11022020
In base 16, what is af + be?
16d
In base 6, what is -224 + 24152?
23524
In base 12, what is 5 - 89994b?
-899946
In base 13, what is -318 - 3a?
-355
In base 14, what is -a392 + -15?
-a3a7
In base 4, what is 32002301 + 220?
32003121
In base 9, what is 4 + -1407212?
-1407207
In base 4, what is -201323 + 3103?
-132220
In base 12, what is -1b5b + -b1?
-2050
In base 13, what is -4 - -4cab64?
4cab60
In base 9, what is -1216476 + -4?
-1216481
In base 10, what is -4 - -3206?
3202
In base 4, what is 11021 + 1002320?
1020001
In base 5, what is -224 - 233302?
-234031
In base 14, what is -6819 + 2?
-6817
In base 12, what is 192b6 - 6?
192b0
In base 4, what is -2103332 - -30?
-2103302
In base 11, what is 279 - 33?
246
In base 9, what is -4 + -227400?
-227404
In base 8, what is -566074 - 2?
-566076
In base 14, what is 0 - 454a4?
-454a4
In base 11, what is 3347 + 19?
3365
In base 12, what is 2 + b8693?
b8695
In base 16, what is 3dc975 + -4?
3dc971
In base 2, what is -1000011101100 - -110?
-1000011100110
In base 15, what is -d - -168d?
1680
In base 2, what is 111100 + -10010110110101?
-10010101111001
In base 7, what is 43 - 13645?
-13602
In base 7, what is 154 + -30326?
-30142
In base 5, what is 10 + -113240410?
-113240400
In base 7, what is 55 + -363016?
-362631
In base 2, what is 10 - -11010101000110?
11010101001000
In base 10, what is -2 - -112536?
112534
In base 9, what is -435 + -424?
-860
In base 3, what is -1 - -22101110110?
22101110102
In base 8, what is 5 + -116532?
-116525
In base 12, what is 15098 + -7?
15091
In base 10, what is 21 - 6223?
-6202
In base 12, what is 1a - -2a450?
2a46a
In base 9, what is -68 - -110?
31
In base 11, what is 35352 + 18?
3536a
In base 14, what is -426 + 33?
-3d3
In base 16, what is 1f + -2d7a?
-2d5b
In base 16, what is -3a + -7361?
-739b
In base 12, what is 4755 - -25?
477a
In base 16, what is 9c - 63?
39
In base 2, what is -100101100101100100 + -1?
-100101100101100101
In base 6, what is -101 - 31231?
-31332
In base 6, what is 535 - 235?
300
In base 5, what is -300401 + -304?
-301210
In base 4, what is -31 - 23010121?
-23010212
In base 9, what is 773 + 2232?
3115
In base 15, what is -4 - -8ccb9?
8ccb5
In base 14, what is -4 + -4ccb5?
-4ccb9
In base 16, what is -b5 - -f?
-a6
In base 12, what is -7b59 - -3?
-7b56
In base 5, what is 210 - 1334?
-1124
In base 7, what is -2 - 14111?
-14113
In base 13, what is -5 + -279b58?
-279b60
In base 15, what is -1a63e8 + -5?
-1a63ed
In base 2, what is -1110 - 101111111011111100?
-101111111100001010
In base 6, what is 3 + -143303?
-143300
In base 10, what is -660606 - 4?
-660610
In base 8, what is -2567 + -12?
-2601
In base 9, what is 643 - -46?
700
In base 14, what is -1a4 - b8a?
-d50
In base 16, what is -17 + -4427?
-443e
In base 4, what is 302031212 - 0?
302031212
In base 16, what is ebd + a?
ec7
In base 12, what is 12a64b + 1?
12a650
In base 11, what is -11 + -12106?
-12117
In base 7, what is 22 + -3065?
-3043
In base 11, what is 1a164 + -44?
1a120
In base 5, what is -230 + 4021?
3241
In base 13, what is 0 + 204c7?
204c7
In base 4, what is 32 - 323230?
-323132
In base 14, what is -2 + 4535?
4533
In base 11, what is 4 + 8a5?
8a9
In base 9, what is -468 + -163?
-642
In base 6, what is 113511 + -20?
113451
In base 9, what is 5480 + 652?
6242
In base 14, what is 2b2 + 890?
b62
In base 10, what is 4288 + 10?
4298
In base 4, what is 3 + 220233110?
220233113
In base 10, what is -172 - -1822?
1650
In base 5, what is 12411430 - 4?
12411421
In base 8, what is -117564 - 3?
-117567
In base 9, what is -25 + 343?
317
In base 10, what is -55 + 1589?
1534
In base 4, what is 1 - 13233212?
-13233211
In base 13, what is 19 + 1567?
1583
In base 9, what is 5 - -7135?
7141
In base 2, what is 1011 + -1100111101100?
-1100111100001
In base 7, what is 26462153 - -4?
26462160
In base 11, what is -5 + -7299?
-72a3
In base 6, what is 1031402 - -2?
1031404
In base 6, what is -41 + 111115?
111034
In base 4, what is 1120 + 203301?
211021
In base 7, what is -1111 - 102032?
-103143
In base 10, what is 856 + 745?
1601
In base 6, what is -13224433 - 0?
-13224433
In base 5, what is 1123113 - -104?
1123222
In base 10, what is 3 - -420350?
420353
In base 13, what is -c24 + -6?
-c2a
In base 3, what is -20022020 - -10?
-20022010
In base 10, what is 849 + 12?
861
In base 9, what is 4 - 28171?
-28166
In base 6, what is 3 + 43054153?
43054200
In base 13, what is 29607 - -2?
29609
In base 13, what is 384 + 59?
410
In base 7, what is -251060 + 4?
-251053
In base 7, what is 3454 + -34?
3420
In base 7, what is 5 - -101140?
101145
In base 8, what is -27 + -472432?
-472461
In base 2, what is -101 + -110101101101?
-110101110010
In base 5, what is 122 - 2333?
-2211
In base 14, what is 5c5 - 127?
49c
In base 15, what is 1048e + -23?
1046b
In base 10, what is -198 + -157?
-355
In base 12, what is 1672 - 3?
166b
In base 12, what is 1 - -11594?
11595
In base 16, what is -19c + -23?
-1bf
In base 8